= j**3 + 12*j**2 + 16*j + 51. Give z(-11).
-4
Let y(i) = -46*i**2 + 4594*i + 623. What is y(100)?
23
Let i(g) = 509*g - 3050. Calculate i(6).
4
Let w(o) = -1470*o**2 + 4408*o + 5. Give w(3).
-1
Let y(c) = 6*c**2 - 16*c - 4268. Calculate y(28).
-12
Let w(q) = q**2 + 95*q + 523. Determine w(-89).
-11
Let p(o) = -2*o**2 - 10*o - 25. What is p(-6)?
-37
Let g(f) = -88*f - 1931. Determine g(-22).
5
Let d(m) = m**3 - 15*m**2 + 3*m - 7. Give d(14).
-161
Let y(p) = -p**2 + 69*p + 715. What is y(-9)?
13
Let o(s) = 29*s + 890. Determine o(-30).
20
Let t(o) = o**3 + 73*o**2 + 45*o - 1936. Determine t(-72).
8
Let p(s) = s**3 - 63*s**2 + 855*s - 2025. Give p(45).
0
Let f(r) = 16624*r + 16623. What is f(-1)?
-1
Let n(a) = 604*a - 2838. Calculate n(5).
182
Let u(h) = 2*h**2 + 22*h + 2. What is u(-7)?
-54
Let j(m) = 34*m - 468. Determine j(14).
8
Let u(a) = -55*a + 694. Calculate u(7).
309
Let k(v) = 33*v + 110. Determine k(-2).
44
Let p(c) = 3*c**3 - 130*c**2 + 572*c + 7. Determine p(5).
-8
Let x(z) = z**3 - 5*z**2 + 79*z - 245. Give x(4).
55
Let n(f) = f**3 - 22*f**2 + 115*f + 18. Calculate n(9).
0
Let t(c) = -44*c + 3375. Calculate t(77).
-13
Let f(b) = -212*b + 2039. What is f(10)?
-81
Let n(l) = 18*l**2 - 97*l + 98. Determine n(1).
19
Let t(w) = -43*w + 846. Give t(20).
-14
Let p(r) = -3559*r - 17816. Determine p(-5).
-21
Let k(w) = w**3 - 5*w**2 - 159*w - 434. Give k(-8).
6
Let a(m) = -275*m**2 + 1079*m + 75. What is a(4)?
-9
Let j(t) = -t**2 - 28*t + 697. Calculate j(16).
-7
Let h(l) = -4*l**3 - 11*l**2 - 5*l + 6. Give h(-3).
30
Let f(j) = 183*j - 2223. Determine f(13).
156
Let m(p) = 2*p**3 + 54*p**2 + 148*p + 99. Give m(-24).
3
Let f(w) = 17*w + 392. Calculate f(-20).
52
Let y(x) = -21*x + 6. What is y(-13)?
279
Let p(c) = 8*c**2 + 32*c + 9. Determine p(-5).
49
Let g(o) = -6*o**2 - 64*o - 5. What is g(-11)?
-27
Let m(i) = 4*i**2 + 180*i - 1673. What is m(9)?
271
Let h(s) = -62*s + 214. Determine h(10).
-406
Let y(d) = d**3 - 16*d**2 - 5*d + 12. Give y(16).
-68
Let b(n) = 3*n**3 + 4*n**2 + 3*n - 34. Determine b(0).
-34
Let c(w) = -3*w**3 + 428*w**2 - 283*w - 155. Determine c(142).
-13
Let o(r) = 89*r - 718. What is o(8)?
-6
Let p(s) = 145*s + 16091. Determine p(-111).
-4
Let x(t) = -10*t - 32. Give x(-26).
228
Let q(m) = -392*m - 801. Give q(-2).
-17
Let l(i) = i**2 - 60*i - 220. Determine l(-4).
36
Let c(b) = -b**3 - 2*b**2 - 3*b + 59. Give c(0).
59
Let q(x) = x**3 - 41*x**2 + 183*x - 104. Give q(36).
4
Let h(j) = 14*j**2 - 178*j + 113. Give h(12).
-7
Let l(n) = n**3 + 37*n**2 + 88*n - 475. Calculate l(-34).
1
Let p(h) = -3*h**2 + 33*h + 634. Determine p(-10).
4
Let i(s) = 9014*s - 45081. Determine i(5).
-11
Let y(t) = t**3 - t**2 - 34*t + 6. Determine y(0).
6
Let l(h) = -2*h**3 + 23*h**2 - 15*h. Determine l(9).
270
Let q(j) = 30*j**2 - 111*j - 40. Calculate q(4).
-4
Let b(p) = -102*p + 1222. Determine b(12).
-2
Let m(h) = -26*h + 1104. Calculate m(42).
12
Let g(r) = -2*r**3 + 80*r**2 - 161*r - 4. Determine g(2).
-22
Let m(l) = -l**3 + 44*l**2 - 126*l + 156. Calculate m(41).
33
Let v(k) = -k**2 - 233*k + 5897. Determine v(23).
9
Let f(y) = y**3 + 5*y**2 + 7*y + 4. Determine f(-3).
1
Let x(h) = -h**2 + 34*h + 1. Determine x(30).
121
Let z(t) = -211*t + 453. Determine z(2).
31
Let i(t) = -t**3 - 13*t**2 + 2*t - 155. What is i(-14)?
13
Let t(g) = g**3 - 8*g**2 - 159*g + 1271. Give t(8).
-1
Let c(l) = 2*l**3 - 11*l**2 + 37*l + 8. Give c(4).
108
Let a(s) = s**3 - 84*s**2 - 32. Give a(84).
-32
Let b(z) = -z**3 + 6*z**2 + 722*z - 59. Determine b(30).
1
Let f(b) = b**3 - 33*b + 68. What is f(2)?
10
Let n(d) = -2*d**3 + 48*d**2 - 13*d - 340. Give n(23).
419
Let c(x) = 393*x - 372. Calculate c(1).
21
Let q(l) = -l**3 - 108*l**2 + 115*l + 687. Determine q(-109).
33
Let k(q) = -q**2 - 6*q - 7. Calculate k(-6).
-7
Let z(q) = -42*q - 671. Calculate z(-13).
-125
Let k(p) = 11*p**2 + 7*p - 25. Determine k(3).
95
Let v(s) = 61*s + 407. Calculate v(-6).
41
Let m(q) = 36*q - 307. Give m(8).
-19
Let l(v) = v**2 - 613*v + 93898. Determine l(312).
-14
Let h(b) = -b**2 - 41*b - 155. Determine h(-4).
-7
Let a(k) = k**3 - 28*k**2 - 58*k - 22. Give a(30).
38
Let i(z) = -134*z**3 - 150*z - 299. Determine i(-2).
1073
Let z(v) = -471*v - 65470. Calculate z(-139).
-1
Let h(d) = -d**2 + 20*d + 920. Give h(42).
-4
Let d(f) = f**3 - 44*f**2 - 91*f + 7. Calculate d(46).
53
Let u(k) = k**3 + 9*k**2 - 8*k + 22. Give u(-10).
2
Let k(g) = 2*g**3 - 7*g**2 - g - 28. Determine k(6).
146
Let s(x) = -2*x**2 + 711*x - 12791. What is s(19)?
-4
Let j(l) = 2*l**3 - 8*l**2 - 2*l - 19. Give j(5).
21
Let n(z) = 88*z - 8. Determine n(2).
168
Let s(t) = -98*t + 600. Determine s(6).
12
Let u(y) = -97*y + 9723. Give u(99).
120
Let q(t) = t**3 - 25*t**2 + 54*t - 191. What is q(23)?
-7
Let z(a) = 12*a**2 - 995*a - 88. Determine z(83).
-5
Let x(v) = 2*v**2 - 30*v + 25. Give x(1).
-3
Let j(s) = 5*s + 24. What is j(0)?
24
Let r(p) = -p**3 + 11*p**2 - 17*p - 64. Determine r(7).
13
Let a(f) = f**3 + 23*f**2 + 24*f + 37. Give a(-22).
-7
Let t(j) = -48*j + 132. What is t(3)?
-12
Let j(a) = -96*a**2 - 8738*a - 192. What is j(-91)?
-10
Let i(d) = -d**3 - 48*d**2 + 25*d - 1177. Calculate i(-49).
-1
Let i(h) = 33*h - 267. Give i(5).
-102
Let r(g) = g**3 - 20*g**2 + 81*g + 14. What is r(13)?
-116
Let x(z) = 2*z**3 - 9*z**2 + 11*z - 20. What is x(0)?
-20
Let k(r) = 92*r - 2474. Give k(27).
10
Let p(t) = -t**3 + 26*t**2 - 28*t + 26. Calculate p(25).
-49
Let b(o) = o**3 - 74*o**2 - 73*o - 120. What is b(75)?
30
Let k(s) = -154*s + 17397. Determine k(113).
-5
Let t(f) = -15*f**2 + 403*f + 502. Give t(28).
26
Let h(l) = -l**2 - 174*l - 3386. Determine h(-152).
-42
Let i(m) = -m**2 + 516*m - 21099. Determine i(45).
96
Let l(w) = -w**2 - 61*w + 514. Give l(8).
-38
Let u(q) = 101*q - 1091. Give u(13).
222
Let q(k) = -6*k**3 + 74*k**2 - 28*k + 53. Determine q(12).
5
Let n(l) = -l**3 + 117*l**2 - 4*l + 475. Determine n(117).
7
Let z(u) = -3*u**3 - 11*u**2 - 77*u - 205. What is z(-5)?
280
Let i(z) = -440*z - 11026. Give i(-25).
-26
Let s(d) = 24*d**2 - 7*d - 6. Determine s(-1).
25
Let a(c) = -4*c**2 + 25*c - 1. What is a(7)?
-22
Let g(u) = -u**3 - u**2 + u - 12. Determine g(0).
-12
Let b(s) = -6*s**2 + 26*s + 65. Calculate b(-2).
-11
Let x(w) = -w**3 - 49*w**2 - 39*w + 481. Give x(-48).
49
Let m(o) = 7*o**2 - 20*o - 53. Give m(-3).
70
Let y(z) = -3*z**3 + 4*z**2 - 10*z + 12. Determine y(3).
-63
Let r(u) = u**2 + 60*u - 1428. Give r(18).
-24
Let i(w) = w**3 + 16*w**2 + 25*w - 5. What is i(-13)?
177
Let o(x) = 50*x + 2456. What is o(-48)?
56
Let g(w) = -6*w**3 + 10*w**2 - 7*w + 14. Determine g(4).
-238
Let i(x) = -5*x**2 - 379*x - 2703. Give i(-8).
9
Let d(p) = 4*p**2 + 50*p - 146. Give d(-15).
4
Let i(n) = -n**3 + 3*n**2 + 45*n + 44. Determine i(-7).
219
Let p(c) = 48*c - 1208. Give p(25).
-8
Let d(t) = -t**3 + 9*t**2 - 22*t + 71. Give d(8).
-41
Let k(o) = 2*o**3 - 13*o**2 + 2*o + 5. What is k(9)?
428
Let j(x) = x**3 + 12*x**2 + 33*x + 28. Calculate j(-9).
-26
Let w(q) = q**3 + 15*q**2 + 43*q - 23. Determine w(-10).
47
Let m(x) = 2483*x + 9936. Calculate m(-4).
4
Let q(j) = -12*j**2 - 42*j + 47. Determine q(-4).
23
Let t(n) = n**3 - 203*n**2 + 3154*n + 1485. Give t(186).
-3
Let p(y) = 5*y + 126. What is p(-25)?
1
Let i(k) = k**2 - 20*k - 23. Give i(16).
-87
Let t(w) = w**3 + 52*w**2 - 161*w + 201. Calculate t(-55).
-19
Let u(x) = 6*x**3 - 94*x**2 - 14*x + 34. Calculate u(16).
322
Let v(q) = -55*q + 386. Give v(6).
56
Let p(f) = 38*f**3 + 264*f**2 - 15*f + 11. What is p(-7)?
18
Let j(z) = z**3 + 4*z**2 + 32*z + 134. Give j(-4).
6
Let r(p) = p**2 + 9*p + 46. Give r(-10).
56
Let j(b) = 1460*b + 4371. What is j(-3)?
-9
Let h(q) = -5*q**2 - 23*q - 58. Give h(-3).
-34
Let m(n) = -44*n - 3985. What is m(-97)?
283
Let p(x) = x**3 + 7*x**2 - 71*x - 356. What is p(-5)?
49
Let q(a) = -58*a + 1238. Give q(13).
484
Let c(u) = 82*u**3 - 2*u**2 - u - 1. Determine c(-1).
-84
Let y(o) = -o**3 + 16*o**2 - 8*o - 115. Give y(15).
-10
Let s(k) = k**2 + k - 116. Give s(10).
-6
Let l(j) = 78*j - 47. Calculate l(2).
109
Let t(v) = 424*v + 2071. Determine t(-5).
-49
Let o(c) = -c**3 - 2*c**2 + 78*c - 308. What is o(5)?
-93
Let l(d) = d**3 - 61*d**2 + 59*d + 111. Calculate l(60).
51
Let w(y) = -28*y**2 + 4*y + 2. Determine w(-3).
-262
Let y(p) = p**2